mposite number?
False
Is 20873 prime?
True
Is 1360729 composite?
False
Is 17519 composite?
False
Is 3141389 composite?
False
Is 126541 prime?
True
Is 788189 a composite number?
False
Is 58067 a composite number?
False
Is 8983 a prime number?
False
Is 32401 prime?
True
Is 473741 prime?
True
Is 32203 a prime number?
True
Is 36415 prime?
False
Is 53945 composite?
True
Is 5294 a composite number?
True
Is 1285 prime?
False
Is 814111 a prime number?
False
Is 341 composite?
True
Is 6947 composite?
False
Is 68777 a composite number?
False
Is 5127 prime?
False
Is 889535 prime?
False
Is 10193 prime?
True
Is 517 a composite number?
True
Is 54737 a prime number?
False
Is 47429 prime?
False
Is 8461 prime?
True
Is 1291 a prime number?
True
Is 1823 prime?
True
Is 116507 a composite number?
False
Is 11467 a prime number?
True
Is 127457 composite?
True
Is 469862 a prime number?
False
Is 3299 prime?
True
Is 122965 a prime number?
False
Is 502123 composite?
True
Is 162979 a prime number?
False
Is 22343 prime?
True
Is 1475359 composite?
True
Is 7751 composite?
True
Is 36289 a prime number?
False
Is 207061 a prime number?
True
Is 223697 a prime number?
True
Is 215923 composite?
True
Is 5913293 a prime number?
True
Is 9286 a composite number?
True
Is 29513 composite?
True
Is 900021 prime?
False
Is 21059 a composite number?
False
Is 639523 prime?
False
Is 1043831 prime?
True
Is 193283 a prime number?
True
Is 842939 composite?
False
Is 233663 prime?
True
Is 68253 a composite number?
True
Is 16421 a composite number?
False
Is 3427 a composite number?
True
Is 887 a composite number?
False
Is 340705 a prime number?
False
Is 11545 a prime number?
False
Is 50821 a composite number?
False
Is 23939 prime?
False
Is 253 a prime number?
False
Is 175169 composite?
True
Is 4381 a prime number?
False
Is 13103 a prime number?
True
Is 24233 prime?
False
Is 717 prime?
False
Is 11351 composite?
False
Is 172069 prime?
True
Is 2927 composite?
False
Is 13829 a prime number?
True
Is 5277 a prime number?
False
Is 38195 a composite number?
True
Is 77137 composite?
False
Is 2591 prime?
True
Is 271493 a prime number?
False
Is 401651 prime?
True
Is 6421 composite?
False
Is 23721 a composite number?
True
Is 61003 a prime number?
False
Is 22189 composite?
False
Is 572701 prime?
False
Is 4934 composite?
True
Is 7103 composite?
False
Is 3133 a prime number?
False
Is 54771 a prime number?
False
Is 10661 prime?
False
Is 496115 a prime number?
False
Is 1397 a prime number?
False
Is 724043 a composite number?
True
Is 6289 composite?
True
Is 29999 composite?
True
Is 94811 composite?
False
Is 548953 composite?
False
Is 124445 prime?
False
Is 528926 a composite number?
True
Is 96593 a prime number?
False
Is 2105 a prime number?
False
Is 115307 a composite number?
True
Is 431581 prime?
True
Is 10211 composite?
False
Is 470851 a prime number?
False
Is 100999 composite?
False
Is 1257 composite?
True
Is 69337 composite?
False
Is 40069 a composite number?
True
Is 737 a prime number?
False
Is 1496507 a prime number?
True
Is 511507 a composite number?
False
Is 16873 a composite number?
True
Is 216607 a prime number?
True
Is 1523783 composite?
False
Is 32479 a composite number?
False
Is 8069 a composite number?
False
Is 335807 a prime number?
True
Is 93287 prime?
True
Is 125041 a composite number?
True
Is 5437 composite?
False
Is 4621 a prime number?
True
Is 131294 composite?
True
Is 10997 composite?
True
Is 6998 a prime number?
False
Is 393473 a prime number?
True
Is 9913 a prime number?
False
Is 8698 composite?
True
Is 12247 a prime number?
False
Is 15569 a composite number?
False
Is 18001 a composite number?
True
Is 706 a prime number?
False
Is 1361 a composite number?
False
Is 59681 composite?
True
Is 38899 a prime number?
False
Is 1147 prime?
False
Is 39439 a prime number?
True
Is 10799 composite?
False
Is 6041 prime?
False
Is 249943 a composite number?
False
Is 92695 a composite number?
True
Is 252709 composite?
False
Is 1021711 a prime number?
True
Is 63053 prime?
False
Is 41119 composite?
True
Is 63955 prime?
False
Is 69233 a prime number?
True
Is 241511 prime?
True
Is 6911 a prime number?
True
Is 87177 a composite number?
True
Is 212218 prime?
False
Is 11857 a prime number?
False
Is 13963 composite?
False
Is 187631 a composite number?
False
Is 105071 a prime number?
True
Is 2482583 a prime number?
True
Is 6814 a prime number?
False
Is 130171 composite?
False
Is 3451897 prime?
True
Is 6937 a prime number?
False
Is 1754359 a prime number?
True
Is 114269 prime?
True
Is 20885 prime?
False
Is 139673 a prime number?
False
Is 190703 prime?
False
Is 26149 composite?
True
Is 14243 a composite number?
False
Is 4871473 a composite number?
False
Is 40879 composite?
False
Is 110111 a composite number?
True
Is 306437 a composite number?
False
Is 3013801 composite?
True
Is 1337 a composite number?
True
Is 545429 a prime number?
True
Is 20849 prime?
True
Is 1596941 a composite number?
False
Is 33719 prime?
False
Is 75039 a composite number?
True
Is 145399 a composite number?
False
Is 8583 prime?
False
Is 262027 prime?
True
Is 1564193 a composite number?
True
Is 3455 a prime number?
False
Is 10589 prime?
True
Is 162119 composite?
False
Is 818507 a prime number?
False
Is 1084831 a prime number?
False
Is 4409 a prime number?
True
Is 4474 a prime number?
False
Is 254245 prime?
False
Is 4115933 a prime number?
True
Is 259339 composite?
False
Is 49711 composite?
False
Is 52157 a prime number?
False
Is 2245 composite?
True
Is 38483 prime?
False
Is 50359 prime?
True
Is 3093 composite?
True
Is 635 a prime number?
False
Is 613763 prime?
True
Is 1563 a prime number?
False
Is 36809 composite?
False
Is 120293 prime?
True
Is 18591 a prime number?
False
Is 106531 a composite number?
False
Is 20819 prime?
False
Is 21211 a composite number?
False
Is 5737 prime?
True
Is 755329 a prime number?
True
Is 42691 a composite number?
True
Is 2041 prime?
False
Is 453269 prime?
True
Is 20854 prime?
False
Is 989 a prime number?
False
Is 713153 a prime number?
False
Is 4861 composite?
False
Is 102587 a prime number?
True
Is 3491 prime?
True
Is 114937 a composite number?
True
Is 832541 a composite number?
True
Is 29059 composite?
False
Is 1506911 a prime number?
False
Is 22431 a prime number?
False
Is 479559 composite?
True
Is 135409 a composite number?
False
Is 3659 prime?
True
Is 4282 prime?
False
Is 23189 a composite number?
False
Is 1367 a prime number?
True
Is 120889 a composite number?
False
Is 750917 a prime number?
True
Is 1304207 a composite number?
False
Is 50647 prime?
True
Is 84913 prime?
True
Is 14437 composite?
False
Is 83101 composite?
False
Is 503039 composite?
False
Is 6481 composite?
False
Is 375361 prime?
False
Is 343151 a prime number?
False
Is 257 a prime number?
True
Is 1004197 prime?
False
Is 18595 composite?
True
Is 635 a composite number?
True
Is 10343 a composite number?
False
Is 458747 a composite number?
False
Is 879 prime?
False
Is 591853 a composite number?
True
Is 4649 a prime number?
True
Is 414311 a prime number?
True
Is 783643 a composite number?
True
Is 112643 a composite number?
False
Is 22567 a prime number?
True
Is 2291 composite?
True
Is 148431 prime?
False
Is 474553 a composite number?
True
Is 17194 a composite number?
True
Is 35331 composite?
True
Is 31177 composite?
False
Is 18169 a prime number?
True
Is 110119 a prime number?
True
Is 8743 a prime number?
False
Is 172373 composite?
False
Is 72551 a prime number?
True
Is 148677 a composite number?
True
Is 2801087 a composite number?
False
Is 1511 prime?
True
Is 105509 a prime number?
True
Is 106853 a prime number?
True
Is 13367 a prime number?
True
Is 84347 a prime number?
True
Is 1869289 prime?
False
Is 4872365 composite?
True
Is 617237 prime?
True
Is 19 a prime number?
True
Is 430841 a prime number?
True
Is 21913 a composite number?
True
Is 12757 composite?
False
Is 192149 composite?
False
Is 3223 prime?
False
Is 32773 composite?
True
Is 275963 prime?
True
Is 13849 composite?
True
Is 3503 prime?
False
Is 3482 a prime number?
False
Is 9533 prime?
True
Is 59467 a composite number?
False
Is 34631 a composite number?
False
Is 482959 prime?
False
Is 14741 composite?
False
Is 98831 composite?
True
Is 20653 prime?
False
Is 70342 composite?
True
Is 9059 compo